{"id":190,"date":"2023-11-06T19:17:47","date_gmt":"2023-11-06T18:17:47","guid":{"rendered":"https:\/\/advanceproyectos.com\/?page_id=190"},"modified":"2023-11-09T17:57:42","modified_gmt":"2023-11-09T16:57:42","slug":"servicios","status":"publish","type":"page","link":"https:\/\/advanceproyectos.com\/index.php\/servicios\/","title":{"rendered":"Servicios"},"content":{"rendered":"<div class=\"gb-container gb-container-bd26f224\">\n\n<figure class=\"wp-block-image alignfull size-large\"><img loading=\"lazy\" decoding=\"async\" width=\"1024\" height=\"203\" src=\"https:\/\/advanceproyectos.com\/wp-content\/uploads\/2023\/11\/servicios_Mesa-de-trabajo-1-1024x203.jpg\" alt=\"\" class=\"wp-image-191\" srcset=\"https:\/\/advanceproyectos.com\/wp-content\/uploads\/2023\/11\/servicios_Mesa-de-trabajo-1-1024x203.jpg 1024w, https:\/\/advanceproyectos.com\/wp-content\/uploads\/2023\/11\/servicios_Mesa-de-trabajo-1-300x60.jpg 300w, https:\/\/advanceproyectos.com\/wp-content\/uploads\/2023\/11\/servicios_Mesa-de-trabajo-1-768x152.jpg 768w, https:\/\/advanceproyectos.com\/wp-content\/uploads\/2023\/11\/servicios_Mesa-de-trabajo-1-1536x305.jpg 1536w, https:\/\/advanceproyectos.com\/wp-content\/uploads\/2023\/11\/servicios_Mesa-de-trabajo-1-2048x407.jpg 2048w\" sizes=\"auto, (max-width: 1024px) 100vw, 1024px\" \/><\/figure>\n\n<\/div>\n\n\n<h2 class=\"gb-headline gb-headline-66e41b42 gb-headline-text\">SERVICIOS INTELIGENTES<\/h2>\n\n\n\n<p class=\"gb-headline gb-headline-7f702380 gb-headline-text\">Para la industria inmobiliaria en los siguientes modelos de negocio:<\/p>\n\n\n<div class=\"gb-container gb-container-915bed27\">\n\n<div class=\"wp-block-columns is-layout-flex wp-container-core-columns-is-layout-9d6595d7 wp-block-columns-is-layout-flex\">\n<div class=\"wp-block-column has-base-background-color has-background is-layout-flow wp-block-column-is-layout-flow\">\n<figure class=\"wp-block-image size-full\"><img loading=\"lazy\" decoding=\"async\" width=\"2560\" height=\"1706\" src=\"https:\/\/advanceproyectos.com\/wp-content\/uploads\/2023\/11\/asesor-comercial-analizando-cifras-financieras-que-denotan-progreso-trabajo-empresa-scaled.jpg\" alt=\"\" class=\"wp-image-200\" srcset=\"https:\/\/advanceproyectos.com\/wp-content\/uploads\/2023\/11\/asesor-comercial-analizando-cifras-financieras-que-denotan-progreso-trabajo-empresa-scaled.jpg 2560w, https:\/\/advanceproyectos.com\/wp-content\/uploads\/2023\/11\/asesor-comercial-analizando-cifras-financieras-que-denotan-progreso-trabajo-empresa-300x200.jpg 300w, https:\/\/advanceproyectos.com\/wp-content\/uploads\/2023\/11\/asesor-comercial-analizando-cifras-financieras-que-denotan-progreso-trabajo-empresa-1024x683.jpg 1024w, https:\/\/advanceproyectos.com\/wp-content\/uploads\/2023\/11\/asesor-comercial-analizando-cifras-financieras-que-denotan-progreso-trabajo-empresa-768x512.jpg 768w, https:\/\/advanceproyectos.com\/wp-content\/uploads\/2023\/11\/asesor-comercial-analizando-cifras-financieras-que-denotan-progreso-trabajo-empresa-1536x1024.jpg 1536w, https:\/\/advanceproyectos.com\/wp-content\/uploads\/2023\/11\/asesor-comercial-analizando-cifras-financieras-que-denotan-progreso-trabajo-empresa-2048x1365.jpg 2048w\" sizes=\"auto, (max-width: 2560px) 100vw, 2560px\" \/><\/figure>\n\n\n\n<p class=\"gb-headline gb-headline-5babcf69 gb-headline-text\">\u00c1REA DE CONSULTOR\u00cdA<\/p>\n\n\n\n<p class=\"gb-headline gb-headline-f47d8ef5 gb-headline-text\">Ofrecemos la asesor\u00eda que se requiere para analizar proyectos de inversi\u00f3n inmobiliaria incluyendo an\u00e1lisis de mercado, financiero, de planes de desarrollo urbano, consultor\u00eda sobre leyes municipales, estatales, etc.<\/p>\n<\/div>\n\n\n\n<div class=\"wp-block-column has-base-background-color has-background is-layout-flow wp-block-column-is-layout-flow\">\n<figure class=\"gb-block-image gb-block-image-b61ac77d\"><img loading=\"lazy\" decoding=\"async\" width=\"2560\" height=\"1707\" class=\"gb-image gb-image-b61ac77d\" src=\"https:\/\/advanceproyectos.com\/wp-content\/uploads\/2023\/11\/blueprints-herramientas-cerca-computadora-portatil-scaled.jpg\" alt=\"\" title=\"blueprints-herramientas-cerca-computadora-portatil\" srcset=\"https:\/\/advanceproyectos.com\/wp-content\/uploads\/2023\/11\/blueprints-herramientas-cerca-computadora-portatil-scaled.jpg 2560w, https:\/\/advanceproyectos.com\/wp-content\/uploads\/2023\/11\/blueprints-herramientas-cerca-computadora-portatil-300x200.jpg 300w, https:\/\/advanceproyectos.com\/wp-content\/uploads\/2023\/11\/blueprints-herramientas-cerca-computadora-portatil-1024x683.jpg 1024w, https:\/\/advanceproyectos.com\/wp-content\/uploads\/2023\/11\/blueprints-herramientas-cerca-computadora-portatil-768x512.jpg 768w, https:\/\/advanceproyectos.com\/wp-content\/uploads\/2023\/11\/blueprints-herramientas-cerca-computadora-portatil-1536x1024.jpg 1536w, https:\/\/advanceproyectos.com\/wp-content\/uploads\/2023\/11\/blueprints-herramientas-cerca-computadora-portatil-2048x1365.jpg 2048w\" sizes=\"auto, (max-width: 2560px) 100vw, 2560px\" \/><\/figure>\n\n\n\n<p class=\"gb-headline gb-headline-f48e12bd gb-headline-text\">\u00c1REA DE DISE\u00d1O<\/p>\n\n\n\n<p class=\"gb-headline gb-headline-38c8762a gb-headline-text\">&#8211; Proyectos de vivienda<\/p>\n\n\n\n<p class=\"gb-headline gb-headline-f45e904f gb-headline-text\">&#8211; Proyectos urbanos<\/p>\n\n\n\n<p class=\"gb-headline gb-headline-844c83c8 gb-headline-text\">&#8211; Proyectos de Equipamientos<\/p>\n<\/div>\n\n\n\n<div class=\"wp-block-column has-base-background-color has-background is-layout-flow wp-block-column-is-layout-flow\">\n<figure class=\"gb-block-image gb-block-image-b4de13bc\"><img loading=\"lazy\" decoding=\"async\" width=\"2560\" height=\"1707\" class=\"gb-image gb-image-b4de13bc\" src=\"https:\/\/advanceproyectos.com\/wp-content\/uploads\/2023\/11\/obrero-scaled.jpg\" alt=\"\" title=\"Construction Worker\" srcset=\"https:\/\/advanceproyectos.com\/wp-content\/uploads\/2023\/11\/obrero-scaled.jpg 2560w, https:\/\/advanceproyectos.com\/wp-content\/uploads\/2023\/11\/obrero-300x200.jpg 300w, https:\/\/advanceproyectos.com\/wp-content\/uploads\/2023\/11\/obrero-1024x683.jpg 1024w, https:\/\/advanceproyectos.com\/wp-content\/uploads\/2023\/11\/obrero-768x512.jpg 768w, https:\/\/advanceproyectos.com\/wp-content\/uploads\/2023\/11\/obrero-1536x1024.jpg 1536w, https:\/\/advanceproyectos.com\/wp-content\/uploads\/2023\/11\/obrero-2048x1365.jpg 2048w\" sizes=\"auto, (max-width: 2560px) 100vw, 2560px\" \/><\/figure>\n\n\n\n<p class=\"gb-headline gb-headline-a05256ff gb-headline-text\">\u00c1REA DE CONSTRUCCI\u00d3N<\/p>\n\n\n\n<p class=\"gb-headline gb-headline-09d02e3e gb-headline-text\">&#8211; Vivienda Social, Media y Residencial<\/p>\n\n\n\n<p class=\"gb-headline gb-headline-5df874e4 gb-headline-text\">&#8211; Urbanizaci\u00f3n de conjuntos habitacionales y construcci\u00f3n de equipamientos<\/p>\n<\/div>\n<\/div>\n\n<\/div>\n\n\n<p class=\"gb-headline gb-headline-3e365033 gb-headline-text\">Ofrecemos atenci\u00f3n personalizada sobre cualquiera de nuestros servicios.<\/p>\n\n\n\n<a class=\"gb-button gb-button-be723cb2 gb-button-text\" href=\"https:\/\/advanceproyectos.com\/index.php\/contacto\/\">Cont\u00e1ctanos<\/a>\n","protected":false},"excerpt":{"rendered":"<p>SERVICIOS INTELIGENTES Para la industria inmobiliaria en los siguientes modelos de negocio: \u00c1REA DE CONSULTOR\u00cdA Ofrecemos la asesor\u00eda que se requiere para analizar proyectos de inversi\u00f3n inmobiliaria incluyendo an\u00e1lisis de mercado, financiero, de planes de desarrollo urbano, consultor\u00eda sobre leyes municipales, estatales, etc. \u00c1REA DE DISE\u00d1O &#8211; Proyectos de vivienda &#8211; Proyectos urbanos &#8211; Proyectos &#8230; <a title=\"Servicios\" class=\"read-more\" href=\"https:\/\/advanceproyectos.com\/index.php\/servicios\/\" aria-label=\"Leer m\u00e1s sobre Servicios\">Leer m\u00e1s<\/a><\/p>\n","protected":false},"author":2,"featured_media":0,"parent":0,"menu_order":0,"comment_status":"closed","ping_status":"closed","template":"","meta":{"_eb_attr":"","footnotes":""},"class_list":["post-190","page","type-page","status-publish"],"_links":{"self":[{"href":"https:\/\/advanceproyectos.com\/index.php\/wp-json\/wp\/v2\/pages\/190","targetHints":{"allow":["GET"]}}],"collection":[{"href":"https:\/\/advanceproyectos.com\/index.php\/wp-json\/wp\/v2\/pages"}],"about":[{"href":"https:\/\/advanceproyectos.com\/index.php\/wp-json\/wp\/v2\/types\/page"}],"author":[{"embeddable":true,"href":"https:\/\/advanceproyectos.com\/index.php\/wp-json\/wp\/v2\/users\/2"}],"replies":[{"embeddable":true,"href":"https:\/\/advanceproyectos.com\/index.php\/wp-json\/wp\/v2\/comments?post=190"}],"version-history":[{"count":26,"href":"https:\/\/advanceproyectos.com\/index.php\/wp-json\/wp\/v2\/pages\/190\/revisions"}],"predecessor-version":[{"id":484,"href":"https:\/\/advanceproyectos.com\/index.php\/wp-json\/wp\/v2\/pages\/190\/revisions\/484"}],"wp:attachment":[{"href":"https:\/\/advanceproyectos.com\/index.php\/wp-json\/wp\/v2\/media?parent=190"}],"curies":[{"name":"wp","href":"https:\/\/api.w.org\/{rel}","templated":true}]}}